 when x(-3) is divided by 20?
19
Suppose -a - j - 2 + 10 = 0, 4*j - 29 = -3*a. Suppose -5 = -a*q + 2*q. What is the remainder when q is divided by 2?
1
Let j = 6 + 3. Let x(o) = -3*o - 1. Calculate the remainder when x(-12) is divided by j.
8
Suppose 0*t - 70 = -5*t. Calculate the remainder when 54 is divided by t.
12
Suppose 3*s - 3 = -2*h, 0*s + 1 = s. Let c = 3 + h. Suppose 4*g - 56 = -4*p, -c*p - 64 = -4*g - 5*p. What is the remainder when 52 is divided by g?
16
Let g(y) = 2*y**3 + 3*y**2 + 4*y + 6. Let k(i) = -i**3 - i - 1. Let a(h) = g(h) + 3*k(h). What is the remainder when 15 is divided by a(3)?
3
What is the remainder when (13 + 3)/(6/33) is divided by 23?
19
Let v(h) = 2*h + 0*h**2 + 6 + 3*h + h**2. What is the remainder when 45 is divided by v(-6)?
9
Calculate the remainder when ((-6)/(-10))/((-12)/(-240)) is divided by 5.
2
Let o(g) = -g - 1. Let v(t) = -t**2 + 3*t - 4. Let b be v(3). Let a(s) = s - 1. Let k(f) = b*a(f) + o(f). What is the remainder when 35 is divided by k(-3)?
17
Let p(x) = 10*x - 1. Suppose 6*l - 3*l = 105. What is the remainder when l is divided by p(2)?
16
Let b(c) be the second derivative of -c**3/6 - 4*c. Calculate the remainder when 10 is divided by b(-6).
4
Suppose -3*p - 4*h = 5, 2 = -2*p - 5*h - 6. Suppose 3*y - u - 36 = 0, -2*y - 2*y + 5*u + 59 = 0. What is the remainder when 1/(1/20) + p is divided by y?
10
Let w(b) = -49*b**3 + b + 1. What is the remainder when w(-1) is divided by 13?
10
Suppose -3*w - a = -72, -3*a + 124 = -w + 6*w. Let i(r) = r**3 - 7*r**2 + 6. Calculate the remainder when w is divided by i(7).
5
Suppose -n = 2*y - y - 23, 0 = -2*y + 5*n + 18. Calculate the remainder when y is divided by 10.
9
Let k = 46 - -25. What is the remainder when k is divided by 12?
11
Let z(a) = 2*a**2 + 4*a + 5. Suppose -7 = -3*k - 3*m + 4*m, -3*k + 17 = m. What is the remainder when k + -2 + -1 + 20 is divided by z(-3)?
10
Let k = -24 + 14. Calculate the remainder when 0 - (k - (3 + -2)) is divided by 6.
5
Let s be (3 - 6/3) + -1. Suppose -4*i = -2*j - 24, s = -4*j - 4*i + 10 - 94. Calculate the remainder when (0 + j)*(-36)/27 is divided by 13.
11
Let y be -1*(0 + -5)*1. Suppose -5*z + 10*c = y*c - 215, -z - 5*c = -67. What is the remainder when z is divided by 12?
11
Suppose -2*u = -5*u - 3. Calculate the remainder when 19 is divided by u - (-11 + 0)/1.
9
Let l(d) = 6*d - 2. Let b be l(2). Let i be (-34 + 2)*b/(-4). Suppose -c - c = -i. Calculate the remainder when c is divided by 14.
12
Suppose 3*v + 45 = 4*t + t, t + 3 = 3*v. What is the remainder when 43 is divided by t?
7
Let g = -6 + 9. What is the remainder when 23 is divided by (-72)/4*(-1)/g?
5
Calculate the remainder when 12 is divided by (-7)/((-3 - -4) + -2).
5
Suppose -6*k = -4*k - 10. Suppose y - 74 = -5*s - 2*y, -3*s + 24 = -k*y. Let i(h) = -h**3 - 3*h**2 + 4*h - 5. What is the remainder when i(-5) is divided by s?
12
Let m(v) = 20*v**3 + v. Let c be m(1). Suppose -2*u + 1 + c = 0. Let j = 13 + 19. Calculate the remainder when j is divided by u.
10
Suppose -32 = -2*a - 2*a. Let f = a + 4. What is the remainder when 34 is divided by f?
10
Let g(f) = 8*f - 3. Let c = 8 + 4. Let v = c - 10. What is the remainder when 51 is divided by g(v)?
12
Suppose -335 = -9*q + 4*q. What is the remainder when q is divided by 5?
2
Suppose 3*s + 3*h = 51, 3*h + 2*h = s - 17. What is the remainder when s is divided by 6?
5
Let g = -19 + 29. Calculate the remainder when 18 is divided by g.
8
Let u(r) = r + 11. Suppose c = 2*c - 3. Let g(p) = 5. Let h(t) = c*u(t) - 7*g(t). Calculate the remainder when 18 is divided by h(4).
8
Let q(p) = 8*p**2 - 2*p - 1. What is the remainder when 42 is divided by q(-1)?
6
Let x be ((-8)/(-2))/2*2. Suppose -x*s + 50 = -22. Calculate the remainder when s is divided by (2/6)/(2/42).
4
Calculate the remainder when 26 is divided by (-2 - -26)/3 - 1.
5
Let b(f) = -f**3 - f**2 + f + 7. What is the remainder when b(0) is divided by 2?
1
Suppose -c = h - 3*h + 120, 4*h = c + 244. What is the remainder when 9 is divided by (-6)/(-33) + h/22?
0
Let m(j) = -4*j - 7. What is the remainder when 50 is divided by m(-6)?
16
Let d = 21 + -36. Let q = -4 - d. What is the remainder when 31 is divided by q?
9
Calculate the remainder when (72/45)/((-2)/(-120)) is divided by 33.
30
Let d = 3 - -1. Suppose r + d*r = -3*o + 37, 3*r - 7 = 2*o. Calculate the remainder when o is divided by 3.
1
Let r(a) = 4*a**3 - a**2 - 2*a + 2. Calculate the remainder when r(2) is divided by 3.
2
Suppose 12 = -x + 5*x. Suppose -x*p - 5*o + 59 = -12, -2*o = -2. Calculate the remainder when 43 is divided by p.
21
Suppose 4*l - 140 = -l + 3*r, 134 = 4*l + 2*r. Calculate the remainder when 60 is divided by l.
29
Let y(r) = r + 2. Let t be -4*3/12*2. Let z be y(t). Suppose -q = -z*q - 15. Calculate the remainder when 29 is divided by q.
14
Let x = -40 - -80. What is the remainder when x is divided by 21?
19
Suppose -4*w = -4*g - 44, 2*w - 4*g - 26 = 6. Let k(r) = r**3 + r**2 + r + 27. What is the remainder when k(0) is divided by w?
3
Let i(l) = l**3 + 14*l**2 - 6*l - 19. Calculate the remainder when i(-14) is divided by 11.
10
Suppose 0 = -7*w + 98 + 84. What is the remainder when 49 is divided by w?
23
Suppose -4*p + 0*p - 8 = 0. Let v(d) be the third derivative of d**5/5 + d**3/3 + 2*d**2. Calculate the remainder when v(p) is divided by 17.
16
Let v(g) = g**3 - 7*g**2 - g + 4. Let k be 6/21 + 141/21. Let c be v(k). Calculate the remainder when 152/6 - c/(-9) is divided by 9.
7
Let m be 9/6*(-40)/(-6). Suppose m*k = 6*k + 4. What is the remainder when k is divided by 1?
0
Suppose -3*h + 6*h - 3*j = 45, 5*h = -4*j + 111. Calculate the remainder when h is divided by 11.
8
Let l(r) = 81*r**2 - 2*r + 2. Suppose 0 = -5*h - 0*h + 5. Calculate the remainder when l(h) is divided by 21.
18
Let d(s) = 4*s**2 - s - 1. What is the remainder when 50 is divided by d(-2)?
16
Suppose -2*z = -71 - 5. Calculate the remainder when 264 is divided by z.
36
Suppose n = 20 + 59. Calculate the remainder when n is divided by 27.
25
Suppose -d + 4 = -0. Suppose 0 = 2*z - 0 - 8. Suppose 0 = -z*k - 16, -2*g + 2*k = -0*g - 12. What is the remainder when d is divided by g?
0
Let n(j) = -4*j. Let o be n(-3). Suppose 0 = 3*a - o + 3. Let v = a - 1. What is the remainder when v is divided by 2?
0
Suppose -12*x + 8 = -10*x. Calculate the remainder when 18 is divided by x.
2
Calculate the remainder when 54 is divided by ((-19)/(-38))/(1/56).
26
Let u be -2 + 20/(4/(-2)). Suppose 29 = o - 1. Let b = o + u. What is the remainder when 35 is divided by b?
17
Let b(p) = p**3 - 7*p**2 + 3*p - 5. What is the remainder when 28 is divided by b(7)?
12
Suppose 9*f - 14*f = -65. Calculate the remainder when f is divided by 4.
1
Let w be (1 - -1)*(-6)/(-4). Let m(c) = c**w - 1 - c**2 + 21 + 0*c**3. Calculate the remainder when m(0) is divided by 7.
6
Suppose -13 = 4*k + 7. Let l(h) = 2*h**2 + 6*h - 7. What is the remainder when 50 is divided by l(k)?
11
Suppose -2*h = -4*h + 8. Let v = 6 - h. Calculate the remainder when 3 is divided by v.
1
Suppose 67 = 7*m - 38. Let i = 8 - 6. Let v = m - i. What is the remainder when 24 is divided by v?
11
Let g be 7/(-14) - (-2)/(-4). What is the remainder when 3 is divided by 1/(g - 16/(-12))?
0
Suppose -6*u = -2*u - 12. Let b(i) = 4 - 3*i**2 + 2*i**3 + 2*i - 3 + 1. Calculate the remainder when b(u) is divided by 18.
17
Let p(s) = -s**3 + 8*s**2 + 10*s + 1. What is the remainder when p(6) is divided by 17?
14
Let m(u) = -u**2 - 3*u. Let c be m(-3). Suppose c = -2*s + 36 + 18. What is the remainder when s is divided by 15?
12
Suppose -3*q = 4*u - u - 30, 65 = 4*u - q. Suppose -u = -i + 10. What is the remainder when i is divided by 7?
4
Let r = -7 + 8. What is the remainder when r is divided by 1?
0
Suppose 9*v + 3 - 39 = 0. Calculate the remainder when 6 is divided by v.
2
Let d(v) = 15*v**2 + 1. Let f(y) = 22*y. Let p be f(1). Suppose 2*r = -i - 2*r + p, -2*r + 8 = 0. Calculate the remainder when d(-1) is divided by i.
4
Let a(i) = i**3 - 2*i**2 + 4*i - 1. What is the remainder when a(4) is divided by 16?
15
Suppose 15 = n - 4*r, r = -n - r + 3. What is the remainder when 19 is divided by n?
5
Let z(j) = -13*j - 97. Calculate the remainder when 58 is divided by z(-9).
18
Suppo